 Suppose -l = -4*m - 21*m. What are the prime factors of m?
2, 67
Let f = -10 - -10. Let t(g) = g**2 - 443. Let z be t(f). List the prime factors of z/(-9) + (-6)/27.
7
Suppose 38 = 2*a + 2*q, 3*a = -2*q - 14 + 76. Let r = -24 + a. Suppose r = -2*g - 4, 4*n + 5 - 79 = 3*g. What are the prime factors of n?
17
Let t = 187969 - 100855. What are the prime factors of t?
2, 3, 14519
Let r be ((-952)/(-6))/2 + 1/(-3). Let o = r + -73. Suppose -o*p + 404 = -2*p - 4*g, p - 99 = 2*g. List the prime factors of p.
103
Suppose 6*p = -5*d + p + 39850, -d = -3*p - 7946. List the prime factors of d.
2, 11, 181
Let z(v) = 13*v**2 - 14*v - 35. Let b be z(-6). Suppose 4*j = -4*t + 5*t - b, 5*t - 4*j - 2585 = 0. What are the prime factors of t?
11, 47
Let f(d) = 4*d. Let w be f(1). Suppose w*u + h - 1177 = -4*h, -h + 5 = 0. Suppose 196 = 2*s - 4*p, p = -2*s - 92 + u. List the prime factors of s.
2, 7
Let n be (-4 - -1) + 5780/10. Let k = n - 407. List the prime factors of k.
2, 3, 7
Let w(p) = -1286*p + 1959. What are the prime factors of w(-13)?
19, 983
Let a(h) be the first derivative of h**4/4 + 4*h**3 + 20*h + 16. What are the prime factors of a(-6)?
2, 59
Suppose -39*k + 35*k + 2840 = 0. Suppose -3*t = -5*i + t + 1775, 0 = 2*i - 2*t - k. What are the prime factors of i?
5, 71
Let l = 43 - 38. Let j = 7 - l. Suppose 102 = j*z + g - 10, 54 = z + g. List the prime factors of z.
2, 29
Let j = 8 + -32. Let a = 29 + j. Suppose -3*y = -4*n + 151 - 714, -a*y - 5*n = -985. What are the prime factors of y?
193
Let t(j) = -6*j**3 + 5*j**2 + j - 4. Let k(f) = f**3 - f**2 - f. Let v(n) = 3*k(n) + t(n). Let l be v(3). Let b = -35 - l. What are the prime factors of b?
2, 19
What are the prime factors of ((6372/15)/((-252)/(-120)))/((-2)/(-14))?
2, 3, 59
Let l(h) = 2*h**2 - 14*h - 16. Let t be l(8). Let z(g) = t*g**2 - 6*g**2 + 50 - 12*g - 16 + 7*g**2. What are the prime factors of z(13)?
47
Let j = 192 - 272. Let b = 80 + j. Suppose b = 3*k - 142 - 413. List the prime factors of k.
5, 37
Suppose 19*j = 16*j + 3306. Suppose -2*m - 91 = -5*t + 1280, m - j = -4*t. What are the prime factors of t?
5, 11
Let f(w) = -w**3 + 5*w**2 - w + 5. Let l be f(5). Let d = -79 - -144. Suppose 0 = 5*y + 5*g - 140, g + d = 2*y - l*y. List the prime factors of y.
31
Let i(u) = 26*u + 19. Let l be i(1). List the prime factors of 20/l - 7791/(-27).
17
Let a = -93 - -98. Suppose -7*w + 3*w + a*z = -220, -5*z + 230 = 5*w. Let j = -40 + w. List the prime factors of j.
2, 5
Suppose 0 = -8*o + 113402 + 17830. What are the prime factors of o?
2, 3, 1367
Let k = 3355 - 172. What are the prime factors of k?
3, 1061
Suppose 3*q + 11*m - 10*m = 4912, 0 = 4*m + 20. Suppose 5*n = 3*c - 3405, 0 = -2*c + 5*n + 626 + q. What are the prime factors of c?
2, 3, 5, 19
Let f(a) = -3*a + a**3 - 3*a + 14*a + 5 - 4*a**2 - 5*a**2. Let d be f(8). Suppose 0 = -5*k + d*m + 515, k - 97 = 4*m - 5*m. List the prime factors of k.
2, 5
Let w be (-11505)/(-18) + -2*2/24. Suppose -g = -3*z - 147, 3*g + 3*z = -186 + w. List the prime factors of g.
2, 3, 5
Let h be 15/2 + ((-21)/(-2))/(-7). Suppose 0 = -2*y - 18 + h. Let b(g) = 2*g**2 + 3*g + 3. What are the prime factors of b(y)?
3, 19
Let l(v) = 1968*v - 724. What are the prime factors of l(19)?
2, 89, 103
Suppose -w + 5631 = 2*r + 378, w + 5*r = 5262. Suppose -2*n = -13*n + w. List the prime factors of n.
3, 53
Suppose -4*b = -4*t - 188, -32 = -t + 2*b - 82. Let n = t - -46. Suppose -2*i - 2*y + 160 = n*y, -2*y = 4*i - 308. What are the prime factors of i?
2, 19
Let l(s) = 18*s**2 + 110*s + 1404. List the prime factors of l(-16).
2, 1063
Let t(b) = 2*b**2 - 11*b - 17. Let z be t(7). Suppose 891 = z*m - 1097. List the prime factors of m.
7, 71
Let q(g) be the third derivative of 17*g**5/30 + g**4/6 - 17*g**3/6 - 2*g**2 + 41. What are the prime factors of q(-4)?
7, 73
Let s(y) = 3*y**2 - 61*y + 34. Let w be s(24). Let t = w - 76. Suppose 2*i + t = 2*h, -2*i + i - 429 = -4*h. List the prime factors of h.
2, 53
Let i be 652/28 + 6/(-21) + 0. Let f(j) = -j**3 + 23*j**2 + 5*j + 3. Let z be f(i). Let x = 140 - z. List the prime factors of x.
2, 11
Suppose f + d = -2*d - 61, -2*f - d = 112. Let o = 3 - f. Let n = o + -10. What are the prime factors of n?
2, 3
Suppose -33257 = -3*k + 4*h, 0 = -56*k + 60*k + 3*h - 44301. What are the prime factors of k?
3, 1231
Suppose 4*u = -s + 948, 2*s - 3*u - 1896 = -2*u. Suppose s = -15*f + 19*f. List the prime factors of f.
3, 79
Let j = 393 - 393. Suppose s - 1278 + 389 = j. List the prime factors of s.
7, 127
Let s(l) = 59*l + 33. Let m(v) = 15*v + 8. Let t(d) = -9*m(d) + 2*s(d). Suppose -2*a - 1 = -0*a - h, -12 = -a + 3*h. What are the prime factors of t(a)?
3, 5
Let u(r) = 281*r - 27. Let d be u(4). Let s = -393 + d. What are the prime factors of s?
2, 11
Let c(y) = y**3 + y**2 - y + 10. Let g be c(0). Suppose -2*k = 2*n + 3*n + 7, -5*n - 5*k - g = 0. Let p(u) = -37*u - 3. List the prime factors of p(n).
2, 17
Let d(w) = -3*w + 33. Let c be d(5). Suppose -1626 = c*t - 10374. What are the prime factors of t?
2, 3
Let j = -4319 - -5385. List the prime factors of j.
2, 13, 41
Let w(c) = -105*c**2 + 142 + 13*c + 48*c**2 + 9*c + 61*c**2. What are the prime factors of w(-16)?
2, 11, 37
Suppose -67*c = -69*c - 1367 + 18339. List the prime factors of c.
2, 4243
Suppose 105*b - 8759 - 10561 = 0. Suppose 0 = -2*s + i + 25, -2 = -3*i + i. Suppose -17*k = -s*k - b. What are the prime factors of k?
2, 23
Let d = -144 + 140. List the prime factors of ((-9)/d)/(10/1240).
3, 31
Suppose 24*d + 10251 = 128763. What are the prime factors of d?
2, 3, 823
Suppose 6*i - 1204 + 76 = 0. Suppose -p + 4*w + 38 = -0*w, i = 4*p + 2*w. Suppose -48*y = -p*y - 122. What are the prime factors of y?
61
Suppose 4*c = 5*l - 120839 + 9237, -5*l = -3*c - 111604. What are the prime factors of l?
2, 11161
Let h be (6/(-8))/(6 - 459/72). List the prime factors of 46602/(-108)*-1*h.
863
Suppose 45*s - 5124 = 44*s. List the prime factors of s.
2, 3, 7, 61
Suppose -3*s = -2*r - 33, -2*r - 4*s - 18 = 8. Let x = r + 598. List the prime factors of x.
11, 53
Suppose -2*a = 14*g - 11*g - 18276, 4*a + 30504 = 5*g. List the prime factors of g.
2, 3, 127
Suppose 9*v = 37*v - 392. List the prime factors of v + -20 - 27*-27.
3, 241
Let f = 580 - -4157. List the prime factors of f.
3, 1579
Let u(f) = -f**3 + 14*f**2 - 28*f - 30. Let s be u(11). What are the prime factors of (64/1)/2*s/2?
2, 5
Let k(q) = 166*q**2 - 98*q - 2. What are the prime factors of k(4)?
2, 3, 13, 29
Suppose -16 = 4*g, 3*x = 5*x - 4*g + 38. Let h = -25 - x. Suppose 4*w + 3*u = 461, -h*w - 3*u = -u - 230. What are the prime factors of w?
2, 29
Suppose -4*i - 23 = -75. Let j = -13 + i. Suppose j = 4*y - 0 - 460. List the prime factors of y.
5, 23
Suppose 0 = -j + 2*b + 27351, 110*j + 27335 = 111*j - 4*b. What are the prime factors of j?
27367
Suppose k + 3 = 2*m, -23*k - 6 = -3*m - 21*k. What are the prime factors of 354 - m - 150/(-25)?
2, 3, 5
Let k = -91 - -81. Let w(i) = 2*i**2 + 24*i + 8. Let a be w(k). What are the prime factors of a/48 - (-242)/3?
2, 5
Let z = -562 - -590. Let h(c) = -2*c**2 + 60*c - 77. List the prime factors of h(z).
5, 7
Let r be (2 + -3)/(3/6) - -1. Let f(t) = -563*t**3 + 2*t**2 - 3*t - 4. List the prime factors of f(r).
2, 3, 47
Suppose 70882 = 3*o - 2*r, 0 = 3*o + 2*r - 34982 - 35904. What are the prime factors of o/55 + (-4)/(-10)?
2, 5, 43
Let p = -29591 - -43166. What are the prime factors of p?
3, 5, 181
Suppose 2*p + 40591 = 3*i, 29528 = 5*i - p - 38119. List the prime factors of i.
83, 163
Suppose 0*t + 3*t = 0. Suppose 5*m - 5 = t, 3 = s + 5*m - 13. Let c = s - -7. List the prime factors of c.
2, 3
Let h be 3 + (-2 - (-198)/3). Suppose 5 = 4*j - h. Suppose 22 + j = 4*m. What are the prime factors of m?
2, 5
Let c = 845 - -515. Suppose 0 = 4*q + 4*u - 0*u - 88, 3*q = -2*u + 63. Suppose -c - q = -7*o. List the prime factors of o.
197
Let p(d) = -d**3 + d. Let o(g) = -11 + 116*g**2 - 3*g**3 - 32*g - 87*g**2 + 6*g**3. Let r(m) = -o(m) - 4*p(m). What are the prime factors of r(28)?
11
What are the prime factors of 2 + 2318 + (-18)/(-3)?
2, 1163
Let a = 1088 + -444. Suppose 3*o - 476 = -4*t, 6*o - a = 2*o + 4*t. What are the prime factors of o?
2, 5
List the prime factors of -8 + 20*(-40)/(-